4)). Suppose -h - 1 = q*p - 2, 2*h - 47 = 5*p. List the prime factors of h.
11
What are the prime factors of ((-9)/6)/((27/(-174))/3)?
29
Suppose u = -0*u + 26. Suppose -2*w = -0*w - u. List the prime factors of w.
13
Suppose -f + 0*f = -3. Suppose -3*j + 23 = -5*q, 5*j - j - 4 = 0. What are the prime factors of (f + -5 + -2)*q?
2
What are the prime factors of (4 - (-3 - 2))*38?
2, 3, 19
Let f(x) = -x**3 + x**2 - 3*x + 13. What are the prime factors of f(-5)?
2, 89
Suppose 5*k + 56 = k. Let x = k + 24. List the prime factors of x.
2, 5
Suppose -5*j + 1 + 24 = 0. Suppose -8 - 12 = -j*u. What are the prime factors of u?
2
Let r be (1 - 0) + 7 + -3. Suppose 109 = r*n - 41. What are the prime factors of n?
2, 3, 5
Let z = -7 + 11. Let j be 7/z - (-4)/16. Suppose -w - n = -j*n - 18, 5*w = n + 94. List the prime factors of w.
19
Suppose 0 = j - 5*s + 14 - 36, 3*s + 2 = -j. Suppose -t - 2 + j = 0. Suppose -42 = -t*y - 7. List the prime factors of y.
7
Let p(a) = -a - 4. Let q(o) be the third derivative of -o**4/24 - 5*o**3/6 - 4*o**2. Let l(r) = -6*p(r) + 5*q(r). List the prime factors of l(3).
2
Suppose -77 = -5*r - 302. Let t = r + 75. Suppose -k - t = -4*k. What are the prime factors of k?
2, 5
Let y = 357 + -240. What are the prime factors of y?
3, 13
Suppose 0 = 2*r - a - 42, -3*a = -7*a - 16. Let q = r - 7. What are the prime factors of q?
2, 3
Suppose 2*d - 4*h = -d - 11, -5*d = -3*h. Suppose -3*o + 11 = 2*c, 0 = -4*c + d*c - 2. Suppose -o = -5*m + 20. List the prime factors of m.
5
Suppose -1002 = 18*p - 21*p. What are the prime factors of p?
2, 167
Suppose -5*x = -3*b + 40, 2*x + 12 + 15 = -b. Let v(a) = a**3 + 11*a**2 + 9. List the prime factors of v(x).
3
Suppose 109 = 2*u - 15. List the prime factors of u.
2, 31
Let j = 5 - 8. List the prime factors of 6 - (-5 - 6/j).
3
Let t(i) = i**3 - 11*i**2 + 10*i - 13. Let k be t(10). Let j = 35 + k. What are the prime factors of j?
2, 11
Let b(g) = g**2 - 5*g + 4. Let j be b(9). Suppose -z + 50 = 4*s + s, -4*s + 3*z = -j. Let d = 18 - s. List the prime factors of d.
2
List the prime factors of ((-78)/65)/(4/(-50)).
3, 5
Suppose 2*y - 3 + 1 = 0. What are the prime factors of y*(1 - 11)/(-2)?
5
What are the prime factors of (-11 - -18)/(1/3)?
3, 7
Suppose 0 = -2*a - 3*a + 680. List the prime factors of a.
2, 17
Let v(m) = m**3 + 6*m**2 - 5*m + 10. Let f be v(-7). Let r = f - -11. What are the prime factors of r?
7
What are the prime factors of 20/2*(4 + 16)?
2, 5
Let z(x) = -4*x - 7. Let o be z(-6). Suppose -o = 3*q + 4. Let g = -4 - q. What are the prime factors of g?
3
Suppose -3*j + 77 = 2*w, -5*w + 2*w - 4*j = -113. List the prime factors of w.
31
Suppose -93 - 12 = 5*c. Let v be (-1 - -22)/(c/(-14)). Let a = 25 - v. What are the prime factors of a?
11
Let o(d) = 6*d**2 - 36*d - 41. Let s(m) = m**2 - 7*m - 8. Suppose -3*j + 0 = -6. Let t(r) = j*o(r) - 11*s(r). What are the prime factors of t(-5)?
2, 3
Suppose -3*h + 135 + 129 = 0. What are the prime factors of h?
2, 11
Suppose -15 = -4*a - a. Let m = -1 + a. Suppose -3*s + m*s + 3 = 0. What are the prime factors of s?
3
Suppose -228 - 16 = -2*s + 4*l, -2*l - 470 = -4*s. What are the prime factors of s?
2, 29
Suppose l + m - 22 = 0, 3*l - 5*m = 42 + 24. What are the prime factors of l?
2, 11
Suppose -518 = -2*x + 3*f, -x + 252 = 3*f - 8*f. What are the prime factors of x?
2, 131
Let i = 45 + 60. What are the prime factors of i?
3, 5, 7
What are the prime factors of 50 - (-1 - (-12)/4)?
2, 3
Suppose -x + 4*h = -39, 4*h = -1 - 3. List the prime factors of x.
5, 7
Let s(f) = 4*f**3 - 1 - 3*f**3 - 2*f**2 + 6*f**2 + 2*f. Suppose 2 = 5*a - 4*u, a - 2*a = 3*u + 11. List the prime factors of s(a).
3
Let u(f) = -f - 7. Let t be u(-3). What are the prime factors of 34 + (-3 - (5 + t))?
2, 3, 5
Let u(b) = -b + 13. List the prime factors of u(7).
2, 3
Suppose -d + 5 + 3 = 5*r, 0 = -5*d - 10. Let j be 16 - (-1 - 4/(-2)). Suppose 3*w = -r*w + j. What are the prime factors of w?
3
List the prime factors of (-5 - -6)/(1/11).
11
Let c(y) = -y**3 - 6*y**2 - 5*y + 4. Let u be c(-5). Let p = u + -2. Suppose -8 = -p*q - 0. List the prime factors of q.
2
Let g = 67 - 46. Suppose -n = 5 - g. What are the prime factors of n?
2
Let u be (-1)/(-3)*306/(-6). Let o = u - -38. What are the prime factors of o?
3, 7
List the prime factors of (-106)/(-4) - (-8)/(-16).
2, 13
Suppose j + 2*j + 3*p = 288, 4*j = 4*p + 392. List the prime factors of j.
97
Let r = 12 - 6. List the prime factors of r.
2, 3
Let p(c) = -c**2 - 7*c - 3. Let x be p(-7). Let a = 4 + x. List the prime factors of -8*((-11)/4 + a).
2, 7
Let l(o) = 37*o**3 - 2*o + 1. Let c be l(1). What are the prime factors of (-8)/c - (-40)/18?
2
Let i = -21 + 198. What are the prime factors of i?
3, 59
Let y(z) be the third derivative of -z**7/5040 + z**6/144 - z**5/20 - 2*z**2. Let r(p) be the third derivative of y(p). List the prime factors of r(-6).
11
Let n(f) = f + 12. Let w be n(-9). Suppose 4*v = d + 4*d + w, 7 = v + 5*d. What are the prime factors of v?
2
Suppose 2*x - 5*k = 7*x - 90, 4*x - 3*k = 44. Suppose 5*q - 63 = -3*a, 0 = q - 4*a - 17 - x. List the prime factors of q.
3, 5
Suppose i - 2*r = 0, 0*i + 3*r + 28 = -2*i. Let z = 11 + i. List the prime factors of z.
3
Let d = -23 - -33. List the prime factors of (-14)/3*(d + -19).
2, 3, 7
Let g(i) = 2*i**2 + 1. Let q be g(1). Suppose 2*n = 2*f + 4, 2*n - 5 - 14 = -q*f. List the prime factors of f.
3
Let f(g) = -8*g**3 - 24*g**2 - 44*g + 13. Let q(c) = 3*c**3 + 8*c**2 + 15*c - 4. Let m(w) = -4*f(w) - 11*q(w). Let z = -12 + 21. List the prime factors of m(z).
2, 5
Suppose 3*f - 7 - 5 = 0. Suppose 5*i = f*c + 7, 4 = -i - 5*c - 12. What are the prime factors of ((-4)/(-8))/(i/(-26))?
13
Suppose 3*z + 189 = -3*d, -349 + 58 = 5*d - z. Let q = 100 + d. What are the prime factors of q?
41
Let v = 8 - 8. Let j be (-5)/(-1 + v + 0). Suppose -j*c = -75 - 5. What are the prime factors of c?
2
Let z = 15 - 12. Suppose -z*c + 53 = 5. List the prime factors of c.
2
Suppose -2*v - 3*v = -2*p + 242, 0 = 2*p - v - 242. What are the prime factors of p?
11
What are the prime factors of 0/(-2 + 4) + 49*1?
7
Let v(y) = 3*y - 6. Let x be v(4). Suppose z + 0*z = x. Let f = z + -2. List the prime factors of f.
2
Suppose -3 = -3*s + 6, -4*h + 21 = -s. Let p = 4 + h. What are the prime factors of p?
2, 5
Suppose 3*u + 5*u - 88 = 0. What are the prime factors of u?
11
Let l(n) = -2*n**3 + 1. Let m be l(-1). Suppose m*v - 28 = v. What are the prime factors of v?
2, 7
Let i(a) be the first derivative of -a**2/2 + a - 2. Let s be i(-4). Suppose s*p = c + 24, 3*c = 5*p + 12 - 44. List the prime factors of p.
2
Suppose -3*w + 116 = -w. List the prime factors of w.
2, 29
Suppose 0*t = -t. Suppose t*j = -j + 4. Suppose j*i - 5*c = 31, -2 = -i + 5*c + 2. List the prime factors of i.
3
Suppose 0*g - 45 = g + 3*o, -2*o - 225 = 5*g. What are the prime factors of 9/g - 46/(-5)?
3
Let n = -18 - -40. What are the prime factors of n?
2, 11
Suppose 2*k - l + 42 = 4*k, 4*l = 4*k - 84. List the prime factors of (-6)/k - 568/(-28).
2, 5
Let x(q) = 23*q**3 + q**2 + 3. What are the prime factors of x(2)?
191
Suppose -9*p + 6*p = -114. List the prime factors of p.
2, 19
Let x = -98 + 100. Let r be -1 + -1*(-1 + 0). Suppose -x*k = -r*k - 4*z - 32, -12 = -4*z. What are the prime factors of k?
2, 11
Let j = 168 + -74. List the prime factors of 0 - j*2/(-4).
47
Suppose 0*f - 41 = -4*q + 3*f, -5*f - 39 = -3*q. Let z = -13 + q. Let a = z - -13. What are the prime factors of a?
2
Let f(k) = -2 + k - 6 - 3 + 2. What are the prime factors of f(12)?
3
Suppose -7*t = -11*t + 1428. List the prime factors of t.
3, 7, 17
Let u(z) = 4*z - 46. Let k(r) = r - 15. Let y(n) = -7*k(n) + 2*u(n). Let o be y(-9). Suppose -q + 5*q - 32 = 2*a, 3*q - 29 = o*a. List the prime factors of q.
7
Let r(b) = 11*b**2 - 3 - b**2 + b**3 - 2 - 2*b. What are the prime factors of r(-10)?
3, 5
Let t be ((2 - 1) + -2)*0. Let q = 2 + t. Suppose -q*y = 2*y - 28. List the prime factors of y.
7
Suppose 0 = 2*y - o - 51, -5*y = -4*o - 0*o - 132. What are the prime factors of (-2 + y - -2)*1?
2, 3
Suppose r = g + 34 + 59, -5*g + 75 = r. List the prime factors of r.
2, 3, 5
Suppose 4*q = 6*q - 28. Let z = q - 0. What are the prime factors of z?
2, 7
Suppose